multiple of 652?
False
Is 20223840 a multiple of 70?
True
Is 268 a factor of 762646644?
False
Is 573 a factor of 570991123?
False
Is 639 a factor of 91702890?
True
Is 2777307780 a multiple of 5349?
True
Does 757 divide 2118241606?
False
Is 1118382915 a multiple of 353?
False
Is 11924 a factor of 5745531704?
True
Is 351008673 a multiple of 110?
False
Is 3166 a factor of 41740544?
True
Is 369 a factor of 26547011?
False
Is 6083 a factor of 374889207?
True
Is 852115453 a multiple of 153?
False
Is 3101617 a multiple of 61?
False
Is 5329142953 a multiple of 626?
False
Does 167 divide 14775158?
True
Is 5857 a factor of 428927560?
False
Does 22 divide 243011003?
False
Is 204 a factor of 1858980722?
False
Is 21 a factor of 76549431?
True
Is 411 a factor of 608499855?
False
Is 249 a factor of 15633288?
False
Does 303 divide 14042263?
False
Is 48295905 a multiple of 2?
False
Does 252 divide 974781360?
True
Does 4 divide 72909388?
True
Is 3239 a factor of 683569330?
False
Is 4464162 a multiple of 138?
True
Is 60 a factor of 17528220?
True
Is 27343668 a multiple of 22?
True
Is 151 a factor of 201383716?
False
Is 15 a factor of 72247980?
True
Is 18 a factor of 19563647?
False
Does 5528 divide 521196424?
True
Is 6 a factor of 11667406?
False
Is 386973372 a multiple of 105?
False
Is 432299164 a multiple of 5?
False
Does 324 divide 170563644?
True
Is 165 a factor of 26430422?
False
Does 25 divide 23722275?
True
Is 45486465 a multiple of 52?
False
Is 13 a factor of 1614826927?
False
Is 106 a factor of 4324434?
False
Is 9437577 a multiple of 79?
True
Is 26564290 a multiple of 659?
True
Is 2 a factor of 11257660?
True
Is 602470 a multiple of 55?
True
Is 697262188 a multiple of 4172?
True
Is 3094785 a multiple of 1047?
False
Is 99 a factor of 1130335678?
False
Is 266543100 a multiple of 300?
True
Is 79956281 a multiple of 40?
False
Is 340 a factor of 93050180?
True
Does 150 divide 1054505558?
False
Is 82126981 a multiple of 9?
False
Is 1979 a factor of 456830381?
True
Is 10555499 a multiple of 12?
False
Does 168 divide 124049184?
True
Is 29 a factor of 702310358?
False
Does 74 divide 56849665?
False
Is 291702870 a multiple of 297?
False
Is 13786374 a multiple of 2203?
True
Is 1344 a factor of 1188802944?
True
Does 98 divide 1592590650?
True
Does 874 divide 923577150?
False
Is 8 a factor of 1398242631?
False
Does 39 divide 340728024?
True
Does 37 divide 4341923300?
False
Does 1070 divide 111249629?
False
Is 988520292 a multiple of 8458?
True
Does 1978 divide 370467532?
True
Is 8 a factor of 1235837?
False
Does 129 divide 81387132?
True
Does 2839 divide 10434911?
False
Is 38994858 a multiple of 1918?
True
Does 494 divide 2137098?
False
Is 45066947 a multiple of 56?
False
Does 228 divide 366259581?
False
Does 344 divide 279247160?
True
Is 200 a factor of 20719200?
True
Is 443814914 a multiple of 7823?
False
Is 25 a factor of 453784524?
False
Is 396109 a multiple of 71?
True
Is 1321 a factor of 178314747?
False
Does 133 divide 194270706?
True
Does 530 divide 39790280?
True
Is 2136686317 a multiple of 44?
False
Does 335 divide 8234300?
True
Is 2721606024 a multiple of 136?
True
Is 3131 a factor of 357189951?
False
Is 526502066 a multiple of 469?
False
Is 6271300 a multiple of 434?
True
Is 278 a factor of 19187282?
True
Does 10 divide 41064897?
False
Does 688 divide 1437066944?
False
Does 36 divide 1216329408?
True
Is 2580708586 a multiple of 472?
False
Does 1784 divide 61132328?
True
Is 148 a factor of 46579152?
True
Is 28706040 a multiple of 66?
True
Does 28 divide 56203252?
True
Is 1880 a factor of 318171200?
True
Is 433 a factor of 98333955?
False
Does 2164 divide 84396000?
True
Is 998882962 a multiple of 6282?
False
Does 157 divide 54505772?
False
Is 13 a factor of 45688620?
False
Is 48 a factor of 225927072?
True
Is 75797073 a multiple of 9?
True
Is 1987735116 a multiple of 474?
True
Is 8 a factor of 1731924808?
True
Is 176290368 a multiple of 1032?
True
Is 635150592 a multiple of 129?
True
Does 43 divide 63835822?
True
Is 17 a factor of 1207612969?
True
Is 19 a factor of 43487504?
True
Is 2779763 a multiple of 414?
False
Is 30651310 a multiple of 1366?
False
Does 2685 divide 124000400?
False
Is 11502549 a multiple of 9?
True
Is 14 a factor of 228110540?
True
Does 4 divide 187032091?
False
Does 196 divide 5008976?
True
Is 975 a factor of 82508400?
True
Does 483 divide 19513200?
True
Is 48126793 a multiple of 761?
False
Does 1060 divide 28628741?
False
Is 335585611 a multiple of 337?
True
Is 373 a factor of 41434332?
True
Does 461 divide 5133430464?
True
Is 13 a factor of 251180816?
False
Is 49198122 a multiple of 176?
False
Is 668 a factor of 16636540?
True
Does 770 divide 31158887?
False
Is 310983687 a multiple of 1842?
False
Is 322333175 a multiple of 25?
True
Is 224549923 a multiple of 4199?
True
Is 11 a factor of 83516070?
True
Does 43 divide 19916998?
True
Is 72 a factor of 360949254?
False
Is 34712428 a multiple of 92?
True
Is 61734041 a multiple of 1743?
False
Is 1876101182 a multiple of 7364?
False
Is 615023 a multiple of 53?
False
Does 3542 divide 69074564?
False
Does 23 divide 15119763?
True
Does 622 divide 11910056?
True
Is 184 a factor of 19798216?
True
Is 57 a factor of 730683?
True
Is 3000 a factor of 4938000?
True
Is 941 a factor of 72829280?
False
Does 3 divide 6121795?
False
Is 7480463 a multiple of 4?
False
Is 15 a factor of 112765384?
False
Does 390 divide 105750614?
False
Is 1100941144 a multiple of 3449?
False
Is 53 a factor of 5026997?
True
Is 1132140068 a multiple of 415?
False
Is 665 a factor of 47182942?
False
Is 231592229 a multiple of 130?
False
Is 376067119 a multiple of 13?
False
Is 975 a factor of 12306450?
True
Does 6647 divide 794828319?
True
Does 3679 divide 338674024?
True
Does 37 divide 419099925?
True
Is 86 a factor of 154152811?
False
Does 4 divide 278882?
False
Does 756 divide 26501438?
False
Does 70 divide 49714660?
False
Does 5056 divide 407200128?
True
Is 555190752 a multiple of 388?
True
Is 47754740 a multiple of 1657?
True
Is 1053 a factor of 59361822?
True
Is 978 a factor of 63165108?
True
Does 1530 divide 2482236810?
True
Does 11002 divide 608153411?
False
Does 463 divide 5959736?
True
Does 51 divide 152297532?
False
Is 299750425 a multiple of 31?
False
Does 57 divide 7314012?
True
Does 28 divide 1540248973?
False
Does 351 divide 1190918430?
True
Is 116809245 a multiple of 673?
True
Is 23 a factor of 1136409442?
False
Is 13669575 a multiple of 579?
False
Does 66 divide 878539860?
True
Is 26 a factor of 2526833?
False
Is 2359537536 a multiple of 2993?
True
Does 1920 divide 459413362?
False
Is 36 a factor of 66802643?
False
Is 30 a factor of 1533724951?
False
Is 24797002 a multiple of 89?
True
Does 542 divide 695650826?
False
Is 4295 a factor of 146715410?
False
Is 743 a factor of 100409273?
False
Is 85645802 a multiple of 33?
False
Is 2048 a factor of 146800869?
False
Is 774 a factor of 25861340?
False
Does 168 divide 5823216?
True
Is 299 a factor of 56167480?
False
Is 957 a factor of 501148134?
False
Is 421 a factor of 141072729?
False
Is 84653840 a multiple of 80?
True
Is 1915 a factor of 1599296930?
True
Is 2913 a factor of 436185130?
False
Is 48968982 a multiple of 109?
False
Is 327 a factor of 224132451?
False
Is 76 a factor of 200555716?
True
Is 690543000 a multiple of 40?
True
Is 7330516 a multiple of 37?
False
Is 1187776736 a multiple of 16?
True
Is 391087405 a multiple of 318?
False
Is 57392527 a multiple of 1751?
True
Is 620 a factor of 1732236600?
True
Does 1994 divide 65074190?
True
Is 8 a factor of 436186945?
False
Does 147 divide 686958583?
False
Is 1263137058 a multiple of 26?
False
Is 2793238435 a multiple of 65?
True
Is 577892060 a multiple of 10?
True
Is 34004408 a multiple of 712?
True
Is 5839084 a multiple of 694?
False
Does 931 divide 749360230?
False
Is 1028 a factor of 1934324892?
True
Is 1593382000 a multiple of 4158?
False
Is 2780766080 a multiple of 592?
True
Does 487 divide 215166043?
False
Does 30 divide 331027917?
False
Does 55 divide 131830600?
True
Is 117 a factor of 818669943?
True
Is 525729736 a multiple of 35?
False
Is 58083686 a multiple of 9?
False
Is 326 a factor of 3525621?
False
Is 91060303 a multiple of 41?
True
Is 183 a factor of 59968010?
False
Does 56 divide 152155192?
Tru